{"id":327,"date":"2022-02-22T13:18:17","date_gmt":"2022-02-22T16:18:17","guid":{"rendered":"https:\/\/ingenio.com.py\/v4\/?page_id=327"},"modified":"2022-03-23T05:57:53","modified_gmt":"2022-03-23T08:57:53","slug":"senales-fuertes","status":"publish","type":"page","link":"https:\/\/ingenio.com.py\/v4\/productos\/instalacion-y-montaje\/senales-fuertes\/","title":{"rendered":"Se\u00f1ales fuertes"},"content":{"rendered":"\t\t<div data-elementor-type=\"wp-page\" data-elementor-id=\"327\" class=\"elementor elementor-327\" data-elementor-settings=\"[]\">\n\t\t\t\t\t\t\t<div class=\"elementor-section-wrap\">\n\t\t\t\t\t\t\t<section class=\"elementor-section elementor-top-section elementor-element elementor-element-93ce52a elementor-section-full_width elementor-section-height-default elementor-section-height-default\" data-id=\"93ce52a\" data-element_type=\"section\" data-settings=\"{&quot;background_background&quot;:&quot;video&quot;,&quot;background_video_link&quot;:&quot;https:\\\/\\\/ingenio.com.py\\\/v4\\\/wp-content\\\/uploads\\\/2022\\\/02\\\/pexels-cottonbro-9667568.mp4&quot;}\">\n\t\t\t\t\t\t\t\t<div class=\"elementor-background-video-container elementor-hidden-phone\">\n\t\t\t\t\t\t\t\t\t\t\t\t\t<video class=\"elementor-background-video-hosted elementor-html5-video\" autoplay muted playsinline loop><\/video>\n\t\t\t\t\t\t\t\t\t\t\t<\/div>\n\t\t\t\t\t\t\t\t\t<div class=\"elementor-background-overlay\"><\/div>\n\t\t\t\t\t\t\t<div class=\"elementor-container elementor-column-gap-default\">\n\t\t\t\t\t<div class=\"elementor-column elementor-col-100 elementor-top-column elementor-element elementor-element-3ccd27fb\" data-id=\"3ccd27fb\" data-element_type=\"column\">\n\t\t\t<div class=\"elementor-widget-wrap elementor-element-populated\">\n\t\t\t\t\t\t\t\t<section class=\"elementor-section elementor-inner-section elementor-element elementor-element-5267a77 elementor-section-boxed elementor-section-height-default elementor-section-height-default\" data-id=\"5267a77\" data-element_type=\"section\">\n\t\t\t\t\t\t<div class=\"elementor-container elementor-column-gap-default\">\n\t\t\t\t\t<div class=\"elementor-column elementor-col-100 elementor-inner-column elementor-element elementor-element-6fab70ce\" data-id=\"6fab70ce\" data-element_type=\"column\">\n\t\t\t<div class=\"elementor-widget-wrap elementor-element-populated\">\n\t\t\t\t\t\t\t\t<div class=\"elementor-element elementor-element-713a0b06 elementor-widget elementor-widget-heading\" data-id=\"713a0b06\" data-element_type=\"widget\" data-widget_type=\"heading.default\">\n\t\t\t\t<div class=\"elementor-widget-container\">\n\t\t\t<h1 class=\"elementor-heading-title elementor-size-default\">Se\u00f1ales fuertes<\/h1>\t\t<\/div>\n\t\t\t\t<\/div>\n\t\t\t\t<div class=\"elementor-element elementor-element-39a51eb3 elementor-widget elementor-widget-text-editor\" data-id=\"39a51eb3\" data-element_type=\"widget\" data-widget_type=\"text-editor.default\">\n\t\t\t\t<div class=\"elementor-widget-container\">\n\t\t\t\t\t\t\tEn INGENIO S.A. conformamos una empresa con m\u00e1s de 10 a\u00f1os en el mercado enfocada en brindar soluciones de calidad a nuestros socios comerciales.\t\t\t\t\t\t<\/div>\n\t\t\t\t<\/div>\n\t\t\t\t\t<\/div>\n\t\t<\/div>\n\t\t\t\t\t\t\t<\/div>\n\t\t<\/section>\n\t\t\t\t\t<\/div>\n\t\t<\/div>\n\t\t\t\t\t\t\t<\/div>\n\t\t<\/section>\n\t\t\t\t<section class=\"elementor-section elementor-top-section elementor-element elementor-element-a3a80c7 elementor-section-boxed elementor-section-height-default elementor-section-height-default\" data-id=\"a3a80c7\" data-element_type=\"section\">\n\t\t\t\t\t\t<div class=\"elementor-container elementor-column-gap-wider\">\n\t\t\t\t\t<div class=\"elementor-column elementor-col-33 elementor-top-column elementor-element elementor-element-c0310cf\" data-id=\"c0310cf\" data-element_type=\"column\">\n\t\t\t<div class=\"elementor-widget-wrap elementor-element-populated\">\n\t\t\t\t\t\t\t\t<div class=\"elementor-element elementor-element-94476bf elementor-widget elementor-widget-image\" data-id=\"94476bf\" data-element_type=\"widget\" data-widget_type=\"image.default\">\n\t\t\t\t<div class=\"elementor-widget-container\">\n\t\t\t\t\t\t\t\t\t\t\t\t\t\t\t\t<a href=\"https:\/\/ingenio.com.py\/v4\/productos\/instalacion-y-montaje\/senales-fuertes\/instalacion-electrica-media-tension\/\">\n\t\t\t\t\t\t\t<img width=\"1200\" height=\"800\" src=\"https:\/\/ingenio.com.py\/v4\/wp-content\/uploads\/2022\/03\/shutterstock_1675746286.jpg\" class=\"attachment-full size-full\" alt=\"\" loading=\"lazy\" srcset=\"https:\/\/ingenio.com.py\/v4\/wp-content\/uploads\/2022\/03\/shutterstock_1675746286.jpg 1200w, https:\/\/ingenio.com.py\/v4\/wp-content\/uploads\/2022\/03\/shutterstock_1675746286-300x200.jpg 300w, https:\/\/ingenio.com.py\/v4\/wp-content\/uploads\/2022\/03\/shutterstock_1675746286-1024x683.jpg 1024w, https:\/\/ingenio.com.py\/v4\/wp-content\/uploads\/2022\/03\/shutterstock_1675746286-768x512.jpg 768w, https:\/\/ingenio.com.py\/v4\/wp-content\/uploads\/2022\/03\/shutterstock_1675746286-600x400.jpg 600w\" sizes=\"(max-width: 1200px) 100vw, 1200px\" \/>\t\t\t\t\t\t\t\t<\/a>\n\t\t\t\t\t\t\t\t\t\t\t\t\t\t\t<\/div>\n\t\t\t\t<\/div>\n\t\t\t\t<div class=\"elementor-element elementor-element-3bf2a71 elementor-widget elementor-widget-heading\" data-id=\"3bf2a71\" data-element_type=\"widget\" data-widget_type=\"heading.default\">\n\t\t\t\t<div class=\"elementor-widget-container\">\n\t\t\t<h3 class=\"elementor-heading-title elementor-size-default\">Instalaci\u00f3n El\u00e9ctrica Media Tensi\u00f3n<\/h3>\t\t<\/div>\n\t\t\t\t<\/div>\n\t\t\t\t<div class=\"elementor-element elementor-element-302e50c8 elementor-align-center elementor-widget elementor-widget-button\" data-id=\"302e50c8\" data-element_type=\"widget\" data-widget_type=\"button.default\">\n\t\t\t\t<div class=\"elementor-widget-container\">\n\t\t\t\t\t<div class=\"elementor-button-wrapper\">\n\t\t\t<a href=\"https:\/\/ingenio.com.py\/v4\/productos\/instalacion-y-montaje\/senales-fuertes\/instalacion-electrica-media-tension\/\" class=\"elementor-button-link elementor-button elementor-size-sm\" role=\"button\">\n\t\t\t\t\t\t<span class=\"elementor-button-content-wrapper\">\n\t\t\t\t\t\t<span class=\"elementor-button-icon elementor-align-icon-right\">\n\t\t\t\t<i aria-hidden=\"true\" class=\"fas fa-angle-right\"><\/i>\t\t\t<\/span>\n\t\t\t\t\t\t<span class=\"elementor-button-text\">Ir al servicio<\/span>\n\t\t<\/span>\n\t\t\t\t\t<\/a>\n\t\t<\/div>\n\t\t\t\t<\/div>\n\t\t\t\t<\/div>\n\t\t\t\t\t<\/div>\n\t\t<\/div>\n\t\t\t\t<div class=\"elementor-column elementor-col-33 elementor-top-column elementor-element elementor-element-20dc7c98\" data-id=\"20dc7c98\" data-element_type=\"column\">\n\t\t\t<div class=\"elementor-widget-wrap elementor-element-populated\">\n\t\t\t\t\t\t\t\t<div class=\"elementor-element elementor-element-7820a5e3 elementor-widget elementor-widget-image\" data-id=\"7820a5e3\" data-element_type=\"widget\" data-widget_type=\"image.default\">\n\t\t\t\t<div class=\"elementor-widget-container\">\n\t\t\t\t\t\t\t\t\t\t\t\t\t\t\t\t<a href=\"https:\/\/ingenio.com.py\/v4\/productos\/instalacion-y-montaje\/senales-fuertes\/instalacion-electrica-baja-tension\/\">\n\t\t\t\t\t\t\t<img width=\"712\" height=\"858\" src=\"https:\/\/ingenio.com.py\/v4\/wp-content\/uploads\/2022\/03\/Captura-de-Pantalla-2022-03-22-a-las-10.12.39.png\" class=\"attachment-full size-full\" alt=\"\" loading=\"lazy\" srcset=\"https:\/\/ingenio.com.py\/v4\/wp-content\/uploads\/2022\/03\/Captura-de-Pantalla-2022-03-22-a-las-10.12.39.png 712w, https:\/\/ingenio.com.py\/v4\/wp-content\/uploads\/2022\/03\/Captura-de-Pantalla-2022-03-22-a-las-10.12.39-249x300.png 249w, https:\/\/ingenio.com.py\/v4\/wp-content\/uploads\/2022\/03\/Captura-de-Pantalla-2022-03-22-a-las-10.12.39-600x723.png 600w\" sizes=\"(max-width: 712px) 100vw, 712px\" \/>\t\t\t\t\t\t\t\t<\/a>\n\t\t\t\t\t\t\t\t\t\t\t\t\t\t\t<\/div>\n\t\t\t\t<\/div>\n\t\t\t\t<div class=\"elementor-element elementor-element-5b7808e elementor-widget elementor-widget-heading\" data-id=\"5b7808e\" data-element_type=\"widget\" data-widget_type=\"heading.default\">\n\t\t\t\t<div class=\"elementor-widget-container\">\n\t\t\t<h3 class=\"elementor-heading-title elementor-size-default\">Instalaci\u00f3n El\u00e9ctrica Baja Tensi\u00f3n<\/h3>\t\t<\/div>\n\t\t\t\t<\/div>\n\t\t\t\t<div class=\"elementor-element elementor-element-745c5b54 elementor-align-center elementor-widget elementor-widget-button\" data-id=\"745c5b54\" data-element_type=\"widget\" data-widget_type=\"button.default\">\n\t\t\t\t<div class=\"elementor-widget-container\">\n\t\t\t\t\t<div class=\"elementor-button-wrapper\">\n\t\t\t<a href=\"https:\/\/ingenio.com.py\/v4\/productos\/instalacion-y-montaje\/senales-fuertes\/instalacion-electrica-baja-tension\/\" class=\"elementor-button-link elementor-button elementor-size-sm\" role=\"button\">\n\t\t\t\t\t\t<span class=\"elementor-button-content-wrapper\">\n\t\t\t\t\t\t<span class=\"elementor-button-icon elementor-align-icon-right\">\n\t\t\t\t<i aria-hidden=\"true\" class=\"fas fa-angle-right\"><\/i>\t\t\t<\/span>\n\t\t\t\t\t\t<span class=\"elementor-button-text\">Ir al servicio<\/span>\n\t\t<\/span>\n\t\t\t\t\t<\/a>\n\t\t<\/div>\n\t\t\t\t<\/div>\n\t\t\t\t<\/div>\n\t\t\t\t\t<\/div>\n\t\t<\/div>\n\t\t\t\t<div class=\"elementor-column elementor-col-33 elementor-top-column elementor-element elementor-element-fb3af52\" data-id=\"fb3af52\" data-element_type=\"column\">\n\t\t\t<div class=\"elementor-widget-wrap elementor-element-populated\">\n\t\t\t\t\t\t\t\t<div class=\"elementor-element elementor-element-4a114b80 elementor-widget elementor-widget-image\" data-id=\"4a114b80\" data-element_type=\"widget\" data-widget_type=\"image.default\">\n\t\t\t\t<div class=\"elementor-widget-container\">\n\t\t\t\t\t\t\t\t\t\t\t\t\t\t\t\t<a href=\"https:\/\/ingenio.com.py\/v4\/productos\/instalacion-y-montaje\/senales-fuertes\/mantenimiento-electrico-de-edificios-industrias-oficinas\/\">\n\t\t\t\t\t\t\t<img width=\"1996\" height=\"1331\" src=\"https:\/\/ingenio.com.py\/v4\/wp-content\/uploads\/2022\/03\/pexels-pixabay-257636.jpg\" class=\"attachment-full size-full\" alt=\"\" loading=\"lazy\" srcset=\"https:\/\/ingenio.com.py\/v4\/wp-content\/uploads\/2022\/03\/pexels-pixabay-257636.jpg 1996w, https:\/\/ingenio.com.py\/v4\/wp-content\/uploads\/2022\/03\/pexels-pixabay-257636-300x200.jpg 300w, https:\/\/ingenio.com.py\/v4\/wp-content\/uploads\/2022\/03\/pexels-pixabay-257636-1024x683.jpg 1024w, https:\/\/ingenio.com.py\/v4\/wp-content\/uploads\/2022\/03\/pexels-pixabay-257636-768x512.jpg 768w, https:\/\/ingenio.com.py\/v4\/wp-content\/uploads\/2022\/03\/pexels-pixabay-257636-1536x1024.jpg 1536w, https:\/\/ingenio.com.py\/v4\/wp-content\/uploads\/2022\/03\/pexels-pixabay-257636-600x400.jpg 600w\" sizes=\"(max-width: 1996px) 100vw, 1996px\" \/>\t\t\t\t\t\t\t\t<\/a>\n\t\t\t\t\t\t\t\t\t\t\t\t\t\t\t<\/div>\n\t\t\t\t<\/div>\n\t\t\t\t<div class=\"elementor-element elementor-element-3641b667 elementor-widget elementor-widget-heading\" data-id=\"3641b667\" data-element_type=\"widget\" data-widget_type=\"heading.default\">\n\t\t\t\t<div class=\"elementor-widget-container\">\n\t\t\t<h3 class=\"elementor-heading-title elementor-size-default\">Mantenimiento el\u00e9ctrico de edificios\/industrias<\/h3>\t\t<\/div>\n\t\t\t\t<\/div>\n\t\t\t\t<div class=\"elementor-element elementor-element-61e38d33 elementor-align-center elementor-widget elementor-widget-button\" data-id=\"61e38d33\" data-element_type=\"widget\" data-widget_type=\"button.default\">\n\t\t\t\t<div class=\"elementor-widget-container\">\n\t\t\t\t\t<div class=\"elementor-button-wrapper\">\n\t\t\t<a href=\"https:\/\/ingenio.com.py\/v4\/productos\/instalacion-y-montaje\/senales-fuertes\/mantenimiento-electrico-de-edificios-industrias-oficinas\/\" class=\"elementor-button-link elementor-button elementor-size-sm\" role=\"button\">\n\t\t\t\t\t\t<span class=\"elementor-button-content-wrapper\">\n\t\t\t\t\t\t<span class=\"elementor-button-icon elementor-align-icon-right\">\n\t\t\t\t<i aria-hidden=\"true\" class=\"fas fa-angle-right\"><\/i>\t\t\t<\/span>\n\t\t\t\t\t\t<span class=\"elementor-button-text\">Ir al servicio<\/span>\n\t\t<\/span>\n\t\t\t\t\t<\/a>\n\t\t<\/div>\n\t\t\t\t<\/div>\n\t\t\t\t<\/div>\n\t\t\t\t\t<\/div>\n\t\t<\/div>\n\t\t\t\t\t\t\t<\/div>\n\t\t<\/section>\n\t\t\t\t\t\t<\/div>\n\t\t\t\t\t<\/div>\n\t\t","protected":false},"excerpt":{"rendered":"<p>Se\u00f1ales fuertes En INGENIO S.A. conformamos una empresa con m\u00e1s de 10 a\u00f1os en el mercado enfocada en brindar soluciones de calidad a nuestros socios comerciales. Instalaci\u00f3n El\u00e9ctrica Media Tensi\u00f3n Ir al servicio Instalaci\u00f3n El\u00e9ctrica Baja Tensi\u00f3n Ir al servicio Mantenimiento el\u00e9ctrico de edificios\/industrias Ir al servicio<\/p>\n","protected":false},"author":1,"featured_media":0,"parent":325,"menu_order":0,"comment_status":"closed","ping_status":"closed","template":"elementor_header_footer","meta":{"site-sidebar-layout":"no-sidebar","site-content-layout":"page-builder","ast-main-header-display":"","ast-hfb-above-header-display":"","ast-hfb-below-header-display":"","ast-hfb-mobile-header-display":"","site-post-title":"disabled","ast-breadcrumbs-content":"","ast-featured-img":"disabled","footer-sml-layout":"","theme-transparent-header-meta":"","adv-header-id-meta":"","stick-header-meta":"","header-above-stick-meta":"","header-main-stick-meta":"","header-below-stick-meta":""},"_links":{"self":[{"href":"https:\/\/ingenio.com.py\/v4\/wp-json\/wp\/v2\/pages\/327"}],"collection":[{"href":"https:\/\/ingenio.com.py\/v4\/wp-json\/wp\/v2\/pages"}],"about":[{"href":"https:\/\/ingenio.com.py\/v4\/wp-json\/wp\/v2\/types\/page"}],"author":[{"embeddable":true,"href":"https:\/\/ingenio.com.py\/v4\/wp-json\/wp\/v2\/users\/1"}],"replies":[{"embeddable":true,"href":"https:\/\/ingenio.com.py\/v4\/wp-json\/wp\/v2\/comments?post=327"}],"version-history":[{"count":34,"href":"https:\/\/ingenio.com.py\/v4\/wp-json\/wp\/v2\/pages\/327\/revisions"}],"predecessor-version":[{"id":1268,"href":"https:\/\/ingenio.com.py\/v4\/wp-json\/wp\/v2\/pages\/327\/revisions\/1268"}],"up":[{"embeddable":true,"href":"https:\/\/ingenio.com.py\/v4\/wp-json\/wp\/v2\/pages\/325"}],"wp:attachment":[{"href":"https:\/\/ingenio.com.py\/v4\/wp-json\/wp\/v2\/media?parent=327"}],"curies":[{"name":"wp","href":"https:\/\/api.w.org\/{rel}","templated":true}]}}