{"id":329,"date":"2022-02-22T13:18:36","date_gmt":"2022-02-22T16:18:36","guid":{"rendered":"https:\/\/ingenio.com.py\/v4\/?page_id=329"},"modified":"2022-03-23T06:00:19","modified_gmt":"2022-03-23T09:00:19","slug":"senales-debiles","status":"publish","type":"page","link":"https:\/\/ingenio.com.py\/v4\/productos\/instalacion-y-montaje\/senales-debiles\/","title":{"rendered":"Se\u00f1ales d\u00e9biles"},"content":{"rendered":"\t\t<div data-elementor-type=\"wp-page\" data-elementor-id=\"329\" class=\"elementor elementor-329\" data-elementor-settings=\"[]\">\n\t\t\t\t\t\t\t<div class=\"elementor-section-wrap\">\n\t\t\t\t\t\t\t<section class=\"elementor-section elementor-top-section elementor-element elementor-element-790aaf04 elementor-section-full_width elementor-section-height-default elementor-section-height-default\" data-id=\"790aaf04\" data-element_type=\"section\" data-settings=\"{&quot;background_background&quot;:&quot;video&quot;,&quot;background_video_link&quot;:&quot;https:\\\/\\\/ingenio.com.py\\\/v4\\\/wp-content\\\/uploads\\\/2022\\\/02\\\/pexels-cottonbro-9667568.mp4&quot;}\">\n\t\t\t\t\t\t\t\t<div class=\"elementor-background-video-container elementor-hidden-phone\">\n\t\t\t\t\t\t\t\t\t\t\t\t\t<video class=\"elementor-background-video-hosted elementor-html5-video\" autoplay muted playsinline loop><\/video>\n\t\t\t\t\t\t\t\t\t\t\t<\/div>\n\t\t\t\t\t\t\t\t\t<div class=\"elementor-background-overlay\"><\/div>\n\t\t\t\t\t\t\t<div class=\"elementor-container elementor-column-gap-default\">\n\t\t\t\t\t<div class=\"elementor-column elementor-col-100 elementor-top-column elementor-element elementor-element-2775e398\" data-id=\"2775e398\" data-element_type=\"column\">\n\t\t\t<div class=\"elementor-widget-wrap elementor-element-populated\">\n\t\t\t\t\t\t\t\t<section class=\"elementor-section elementor-inner-section elementor-element elementor-element-33d5ac90 elementor-section-full_width elementor-section-content-middle elementor-section-height-default elementor-section-height-default\" data-id=\"33d5ac90\" data-element_type=\"section\">\n\t\t\t\t\t\t<div class=\"elementor-container elementor-column-gap-default\">\n\t\t\t\t\t<div class=\"elementor-column elementor-col-100 elementor-inner-column elementor-element elementor-element-7a13f2c9\" data-id=\"7a13f2c9\" data-element_type=\"column\">\n\t\t\t<div class=\"elementor-widget-wrap elementor-element-populated\">\n\t\t\t\t\t\t\t\t<div class=\"elementor-element elementor-element-17c19a14 elementor-widget elementor-widget-heading\" data-id=\"17c19a14\" data-element_type=\"widget\" data-widget_type=\"heading.default\">\n\t\t\t\t<div class=\"elementor-widget-container\">\n\t\t\t<h1 class=\"elementor-heading-title elementor-size-default\">Se\u00f1ales d\u00e9biles<\/h1>\t\t<\/div>\n\t\t\t\t<\/div>\n\t\t\t\t<div class=\"elementor-element elementor-element-81a4ddd elementor-widget-mobile__width-inherit elementor-widget elementor-widget-text-editor\" data-id=\"81a4ddd\" data-element_type=\"widget\" data-widget_type=\"text-editor.default\">\n\t\t\t\t<div class=\"elementor-widget-container\">\n\t\t\t\t\t\t\t<p style=\"text-align: center;\">En INGENIO S.A. conformamos una empresa con m\u00e1s de 10 a\u00f1os en el mercado enfocada en brindar soluciones de calidad a nuestros socios comerciales.<\/p>\t\t\t\t\t\t<\/div>\n\t\t\t\t<\/div>\n\t\t\t\t\t<\/div>\n\t\t<\/div>\n\t\t\t\t\t\t\t<\/div>\n\t\t<\/section>\n\t\t\t\t\t<\/div>\n\t\t<\/div>\n\t\t\t\t\t\t\t<\/div>\n\t\t<\/section>\n\t\t\t\t<section class=\"elementor-section elementor-top-section elementor-element elementor-element-281c5a79 elementor-section-boxed elementor-section-height-default elementor-section-height-default\" data-id=\"281c5a79\" data-element_type=\"section\">\n\t\t\t\t\t\t<div class=\"elementor-container elementor-column-gap-wider\">\n\t\t\t\t\t<div class=\"elementor-column elementor-col-25 elementor-top-column elementor-element elementor-element-7760bab9\" data-id=\"7760bab9\" data-element_type=\"column\">\n\t\t\t<div class=\"elementor-widget-wrap elementor-element-populated\">\n\t\t\t\t\t\t\t\t<div class=\"elementor-element elementor-element-5c5b0462 elementor-widget elementor-widget-image\" data-id=\"5c5b0462\" data-element_type=\"widget\" data-widget_type=\"image.default\">\n\t\t\t\t<div class=\"elementor-widget-container\">\n\t\t\t\t\t\t\t\t\t\t\t\t\t\t\t\t<a href=\"https:\/\/ingenio.com.py\/v4\/productos\/instalacion-y-montaje\/senales-debiles\/cctv\/\">\n\t\t\t\t\t\t\t<img width=\"2560\" height=\"1707\" src=\"https:\/\/ingenio.com.py\/v4\/wp-content\/uploads\/2022\/03\/cctv-scaled.jpg\" class=\"attachment-full size-full\" alt=\"\" loading=\"lazy\" srcset=\"https:\/\/ingenio.com.py\/v4\/wp-content\/uploads\/2022\/03\/cctv-scaled.jpg 2560w, https:\/\/ingenio.com.py\/v4\/wp-content\/uploads\/2022\/03\/cctv-300x200.jpg 300w, https:\/\/ingenio.com.py\/v4\/wp-content\/uploads\/2022\/03\/cctv-1024x683.jpg 1024w, https:\/\/ingenio.com.py\/v4\/wp-content\/uploads\/2022\/03\/cctv-768x512.jpg 768w, https:\/\/ingenio.com.py\/v4\/wp-content\/uploads\/2022\/03\/cctv-1536x1024.jpg 1536w, https:\/\/ingenio.com.py\/v4\/wp-content\/uploads\/2022\/03\/cctv-2048x1365.jpg 2048w, https:\/\/ingenio.com.py\/v4\/wp-content\/uploads\/2022\/03\/cctv-600x400.jpg 600w\" sizes=\"(max-width: 2560px) 100vw, 2560px\" \/>\t\t\t\t\t\t\t\t<\/a>\n\t\t\t\t\t\t\t\t\t\t\t\t\t\t\t<\/div>\n\t\t\t\t<\/div>\n\t\t\t\t<div class=\"elementor-element elementor-element-4dc6b6e2 elementor-widget elementor-widget-heading\" data-id=\"4dc6b6e2\" data-element_type=\"widget\" data-widget_type=\"heading.default\">\n\t\t\t\t<div class=\"elementor-widget-container\">\n\t\t\t<h3 class=\"elementor-heading-title elementor-size-default\">CCTV<\/h3>\t\t<\/div>\n\t\t\t\t<\/div>\n\t\t\t\t<div class=\"elementor-element elementor-element-c4adba2 elementor-align-center elementor-widget elementor-widget-button\" data-id=\"c4adba2\" data-element_type=\"widget\" data-widget_type=\"button.default\">\n\t\t\t\t<div class=\"elementor-widget-container\">\n\t\t\t\t\t<div class=\"elementor-button-wrapper\">\n\t\t\t<a href=\"https:\/\/ingenio.com.py\/v4\/productos\/instalacion-y-montaje\/senales-debiles\/cctv\/\" class=\"elementor-button-link elementor-button elementor-size-sm\" role=\"button\">\n\t\t\t\t\t\t<span class=\"elementor-button-content-wrapper\">\n\t\t\t\t\t\t<span class=\"elementor-button-icon elementor-align-icon-right\">\n\t\t\t\t<i aria-hidden=\"true\" class=\"fas fa-angle-right\"><\/i>\t\t\t<\/span>\n\t\t\t\t\t\t<span class=\"elementor-button-text\">Ir al servicio<\/span>\n\t\t<\/span>\n\t\t\t\t\t<\/a>\n\t\t<\/div>\n\t\t\t\t<\/div>\n\t\t\t\t<\/div>\n\t\t\t\t\t<\/div>\n\t\t<\/div>\n\t\t\t\t<div class=\"elementor-column elementor-col-25 elementor-top-column elementor-element elementor-element-1a312d2\" data-id=\"1a312d2\" data-element_type=\"column\">\n\t\t\t<div class=\"elementor-widget-wrap elementor-element-populated\">\n\t\t\t\t\t\t\t\t<div class=\"elementor-element elementor-element-b3f3461 elementor-widget elementor-widget-image\" data-id=\"b3f3461\" data-element_type=\"widget\" data-widget_type=\"image.default\">\n\t\t\t\t<div class=\"elementor-widget-container\">\n\t\t\t\t\t\t\t\t\t\t\t\t\t\t\t\t<a href=\"https:\/\/ingenio.com.py\/v4\/productos\/instalacion-y-montaje\/senales-debiles\/pci-electronico\/\">\n\t\t\t\t\t\t\t<img width=\"900\" height=\"675\" src=\"https:\/\/ingenio.com.py\/v4\/wp-content\/uploads\/2022\/03\/dreamstime_xxl_117886066.jpg\" class=\"attachment-full size-full\" alt=\"\" loading=\"lazy\" srcset=\"https:\/\/ingenio.com.py\/v4\/wp-content\/uploads\/2022\/03\/dreamstime_xxl_117886066.jpg 900w, https:\/\/ingenio.com.py\/v4\/wp-content\/uploads\/2022\/03\/dreamstime_xxl_117886066-300x225.jpg 300w, https:\/\/ingenio.com.py\/v4\/wp-content\/uploads\/2022\/03\/dreamstime_xxl_117886066-768x576.jpg 768w, https:\/\/ingenio.com.py\/v4\/wp-content\/uploads\/2022\/03\/dreamstime_xxl_117886066-600x450.jpg 600w\" sizes=\"(max-width: 900px) 100vw, 900px\" \/>\t\t\t\t\t\t\t\t<\/a>\n\t\t\t\t\t\t\t\t\t\t\t\t\t\t\t<\/div>\n\t\t\t\t<\/div>\n\t\t\t\t<div class=\"elementor-element elementor-element-bd6b9e2 elementor-widget elementor-widget-heading\" data-id=\"bd6b9e2\" data-element_type=\"widget\" data-widget_type=\"heading.default\">\n\t\t\t\t<div class=\"elementor-widget-container\">\n\t\t\t<h3 class=\"elementor-heading-title elementor-size-default\">PCI Electr\u00f3nico<\/h3>\t\t<\/div>\n\t\t\t\t<\/div>\n\t\t\t\t<div class=\"elementor-element elementor-element-0150652 elementor-align-center elementor-widget elementor-widget-button\" data-id=\"0150652\" data-element_type=\"widget\" data-widget_type=\"button.default\">\n\t\t\t\t<div class=\"elementor-widget-container\">\n\t\t\t\t\t<div class=\"elementor-button-wrapper\">\n\t\t\t<a href=\"https:\/\/ingenio.com.py\/v4\/productos\/instalacion-y-montaje\/senales-debiles\/pci-electronico\/\" class=\"elementor-button-link elementor-button elementor-size-sm\" role=\"button\">\n\t\t\t\t\t\t<span class=\"elementor-button-content-wrapper\">\n\t\t\t\t\t\t<span class=\"elementor-button-icon elementor-align-icon-right\">\n\t\t\t\t<i aria-hidden=\"true\" class=\"fas fa-angle-right\"><\/i>\t\t\t<\/span>\n\t\t\t\t\t\t<span class=\"elementor-button-text\">Ir al servicio<\/span>\n\t\t<\/span>\n\t\t\t\t\t<\/a>\n\t\t<\/div>\n\t\t\t\t<\/div>\n\t\t\t\t<\/div>\n\t\t\t\t\t<\/div>\n\t\t<\/div>\n\t\t\t\t<div class=\"elementor-column elementor-col-25 elementor-top-column elementor-element elementor-element-50063ee\" data-id=\"50063ee\" data-element_type=\"column\">\n\t\t\t<div class=\"elementor-widget-wrap elementor-element-populated\">\n\t\t\t\t\t\t\t\t<div class=\"elementor-element elementor-element-14bc9c1 elementor-widget elementor-widget-image\" data-id=\"14bc9c1\" data-element_type=\"widget\" data-widget_type=\"image.default\">\n\t\t\t\t<div class=\"elementor-widget-container\">\n\t\t\t\t\t\t\t\t\t\t\t\t\t\t\t\t<a href=\"https:\/\/ingenio.com.py\/v4\/productos\/instalacion-y-montaje\/senales-debiles\/control-de-acceso\/\">\n\t\t\t\t\t\t\t<img width=\"900\" height=\"600\" src=\"https:\/\/ingenio.com.py\/v4\/wp-content\/uploads\/2022\/03\/claudio-schwarz-LkK8c_50iaM-unsplash.jpg\" class=\"attachment-full size-full\" alt=\"\" loading=\"lazy\" srcset=\"https:\/\/ingenio.com.py\/v4\/wp-content\/uploads\/2022\/03\/claudio-schwarz-LkK8c_50iaM-unsplash.jpg 900w, https:\/\/ingenio.com.py\/v4\/wp-content\/uploads\/2022\/03\/claudio-schwarz-LkK8c_50iaM-unsplash-300x200.jpg 300w, https:\/\/ingenio.com.py\/v4\/wp-content\/uploads\/2022\/03\/claudio-schwarz-LkK8c_50iaM-unsplash-768x512.jpg 768w, https:\/\/ingenio.com.py\/v4\/wp-content\/uploads\/2022\/03\/claudio-schwarz-LkK8c_50iaM-unsplash-600x400.jpg 600w\" sizes=\"(max-width: 900px) 100vw, 900px\" \/>\t\t\t\t\t\t\t\t<\/a>\n\t\t\t\t\t\t\t\t\t\t\t\t\t\t\t<\/div>\n\t\t\t\t<\/div>\n\t\t\t\t<div class=\"elementor-element elementor-element-2ab68ad elementor-widget elementor-widget-heading\" data-id=\"2ab68ad\" data-element_type=\"widget\" data-widget_type=\"heading.default\">\n\t\t\t\t<div class=\"elementor-widget-container\">\n\t\t\t<h3 class=\"elementor-heading-title elementor-size-default\">Control de acceso<\/h3>\t\t<\/div>\n\t\t\t\t<\/div>\n\t\t\t\t<div class=\"elementor-element elementor-element-427aa1f elementor-align-center elementor-widget elementor-widget-button\" data-id=\"427aa1f\" data-element_type=\"widget\" data-widget_type=\"button.default\">\n\t\t\t\t<div class=\"elementor-widget-container\">\n\t\t\t\t\t<div class=\"elementor-button-wrapper\">\n\t\t\t<a href=\"https:\/\/ingenio.com.py\/v4\/productos\/instalacion-y-montaje\/senales-debiles\/control-de-acceso\/\" class=\"elementor-button-link elementor-button elementor-size-sm\" role=\"button\">\n\t\t\t\t\t\t<span class=\"elementor-button-content-wrapper\">\n\t\t\t\t\t\t<span class=\"elementor-button-icon elementor-align-icon-right\">\n\t\t\t\t<i aria-hidden=\"true\" class=\"fas fa-angle-right\"><\/i>\t\t\t<\/span>\n\t\t\t\t\t\t<span class=\"elementor-button-text\">Ir al servicio<\/span>\n\t\t<\/span>\n\t\t\t\t\t<\/a>\n\t\t<\/div>\n\t\t\t\t<\/div>\n\t\t\t\t<\/div>\n\t\t\t\t\t<\/div>\n\t\t<\/div>\n\t\t\t\t<div class=\"elementor-column elementor-col-25 elementor-top-column elementor-element elementor-element-4b0d8594\" data-id=\"4b0d8594\" data-element_type=\"column\">\n\t\t\t<div class=\"elementor-widget-wrap elementor-element-populated\">\n\t\t\t\t\t\t\t\t<div class=\"elementor-element elementor-element-d0c4ef7 elementor-widget elementor-widget-image\" data-id=\"d0c4ef7\" data-element_type=\"widget\" data-widget_type=\"image.default\">\n\t\t\t\t<div class=\"elementor-widget-container\">\n\t\t\t\t\t\t\t\t\t\t\t\t\t\t\t\t<a href=\"https:\/\/ingenio.com.py\/v4\/productos\/instalacion-y-montaje\/senales-debiles\/red-de-datos\/\">\n\t\t\t\t\t\t\t<img width=\"1000\" height=\"563\" src=\"https:\/\/ingenio.com.py\/v4\/wp-content\/uploads\/2022\/03\/shutterstock_1111101083.jpg\" class=\"attachment-full size-full\" alt=\"\" loading=\"lazy\" srcset=\"https:\/\/ingenio.com.py\/v4\/wp-content\/uploads\/2022\/03\/shutterstock_1111101083.jpg 1000w, https:\/\/ingenio.com.py\/v4\/wp-content\/uploads\/2022\/03\/shutterstock_1111101083-300x169.jpg 300w, https:\/\/ingenio.com.py\/v4\/wp-content\/uploads\/2022\/03\/shutterstock_1111101083-768x432.jpg 768w, https:\/\/ingenio.com.py\/v4\/wp-content\/uploads\/2022\/03\/shutterstock_1111101083-600x338.jpg 600w\" sizes=\"(max-width: 1000px) 100vw, 1000px\" \/>\t\t\t\t\t\t\t\t<\/a>\n\t\t\t\t\t\t\t\t\t\t\t\t\t\t\t<\/div>\n\t\t\t\t<\/div>\n\t\t\t\t<div class=\"elementor-element elementor-element-53772ff0 elementor-widget elementor-widget-heading\" data-id=\"53772ff0\" data-element_type=\"widget\" data-widget_type=\"heading.default\">\n\t\t\t\t<div class=\"elementor-widget-container\">\n\t\t\t<h3 class=\"elementor-heading-title elementor-size-default\">Red de datos<\/h3>\t\t<\/div>\n\t\t\t\t<\/div>\n\t\t\t\t<div class=\"elementor-element elementor-element-215ea62 elementor-align-center elementor-widget elementor-widget-button\" data-id=\"215ea62\" data-element_type=\"widget\" data-widget_type=\"button.default\">\n\t\t\t\t<div class=\"elementor-widget-container\">\n\t\t\t\t\t<div class=\"elementor-button-wrapper\">\n\t\t\t<a href=\"https:\/\/ingenio.com.py\/v4\/productos\/instalacion-y-montaje\/senales-debiles\/red-de-datos\/\" class=\"elementor-button-link elementor-button elementor-size-sm\" role=\"button\">\n\t\t\t\t\t\t<span class=\"elementor-button-content-wrapper\">\n\t\t\t\t\t\t<span class=\"elementor-button-icon elementor-align-icon-right\">\n\t\t\t\t<i aria-hidden=\"true\" class=\"fas fa-angle-right\"><\/i>\t\t\t<\/span>\n\t\t\t\t\t\t<span class=\"elementor-button-text\">Ir al servicio<\/span>\n\t\t<\/span>\n\t\t\t\t\t<\/a>\n\t\t<\/div>\n\t\t\t\t<\/div>\n\t\t\t\t<\/div>\n\t\t\t\t\t<\/div>\n\t\t<\/div>\n\t\t\t\t\t\t\t<\/div>\n\t\t<\/section>\n\t\t\t\t\t\t<\/div>\n\t\t\t\t\t<\/div>\n\t\t","protected":false},"excerpt":{"rendered":"<p>Se\u00f1ales d\u00e9biles En INGENIO S.A. conformamos una empresa con m\u00e1s de 10 a\u00f1os en el mercado enfocada en brindar soluciones de calidad a nuestros socios comerciales. CCTV Ir al servicio PCI Electr\u00f3nico Ir al servicio Control de acceso Ir al servicio Red de datos Ir al servicio<\/p>\n","protected":false},"author":1,"featured_media":0,"parent":325,"menu_order":0,"comment_status":"closed","ping_status":"closed","template":"elementor_header_footer","meta":{"site-sidebar-layout":"no-sidebar","site-content-layout":"page-builder","ast-main-header-display":"","ast-hfb-above-header-display":"","ast-hfb-below-header-display":"","ast-hfb-mobile-header-display":"","site-post-title":"disabled","ast-breadcrumbs-content":"","ast-featured-img":"disabled","footer-sml-layout":"","theme-transparent-header-meta":"","adv-header-id-meta":"","stick-header-meta":"","header-above-stick-meta":"","header-main-stick-meta":"","header-below-stick-meta":""},"_links":{"self":[{"href":"https:\/\/ingenio.com.py\/v4\/wp-json\/wp\/v2\/pages\/329"}],"collection":[{"href":"https:\/\/ingenio.com.py\/v4\/wp-json\/wp\/v2\/pages"}],"about":[{"href":"https:\/\/ingenio.com.py\/v4\/wp-json\/wp\/v2\/types\/page"}],"author":[{"embeddable":true,"href":"https:\/\/ingenio.com.py\/v4\/wp-json\/wp\/v2\/users\/1"}],"replies":[{"embeddable":true,"href":"https:\/\/ingenio.com.py\/v4\/wp-json\/wp\/v2\/comments?post=329"}],"version-history":[{"count":34,"href":"https:\/\/ingenio.com.py\/v4\/wp-json\/wp\/v2\/pages\/329\/revisions"}],"predecessor-version":[{"id":1275,"href":"https:\/\/ingenio.com.py\/v4\/wp-json\/wp\/v2\/pages\/329\/revisions\/1275"}],"up":[{"embeddable":true,"href":"https:\/\/ingenio.com.py\/v4\/wp-json\/wp\/v2\/pages\/325"}],"wp:attachment":[{"href":"https:\/\/ingenio.com.py\/v4\/wp-json\/wp\/v2\/media?parent=329"}],"curies":[{"name":"wp","href":"https:\/\/api.w.org\/{rel}","templated":true}]}}